hat is bb2632c - 3?
bb26329
In base 7, what is 3 - 525236563?
-525236560
In base 16, what is 14c8 - -4f?
1517
In base 13, what is 58 - -83a?
895
In base 5, what is 3134 + -31443221?
-31440032
In base 5, what is -3 + 14121033012?
14121033004
In base 2, what is -11011000 - 10110001?
-110001001
In base 16, what is -b + 2f2747?
2f273c
In base 3, what is -200 - 1010022012?
-1010022212
In base 13, what is 76c2 - -36b5?
b0a7
In base 16, what is 100c6 + 67?
1012d
In base 5, what is 2412304 + 220030?
3132334
In base 5, what is -1221 - 4010001?
-4011222
In base 16, what is 570af38 - 3?
570af35
In base 2, what is -101 - 11111001010101101010001?
-11111001010101101010110
In base 7, what is -3063612554 - -12?
-3063612542
In base 12, what is 121b1a - -1?
121b1b
In base 15, what is 34 - 20ec0c?
-20ebc8
In base 16, what is -10a + -2634b?
-26455
In base 15, what is 1 - -ca25?
ca26
In base 2, what is 10110100000001101101 - 110010?
10110100000000111011
In base 13, what is 11921 + -35?
118b9
In base 16, what is 1 - 4a27a3?
-4a27a2
In base 8, what is -334224 - 134?
-334360
In base 5, what is 243141321 - -13?
243141334
In base 14, what is -572a9c1 - -5?
-572a9ba
In base 11, what is 11830 - -313?
12043
In base 15, what is 30 + -89c33?
-89c03
In base 12, what is -1a92019 - 4?
-1a92021
In base 10, what is -6 - 537659?
-537665
In base 11, what is 1 + 570663a?
5706640
In base 14, what is -2 + -5131c4?
-5131c6
In base 16, what is 11cd + 2af56?
2c123
In base 11, what is -7 - 417003?
-41700a
In base 11, what is 1 + -157a5a2?
-157a5a1
In base 10, what is 2 + -50578120?
-50578118
In base 11, what is -1 + -11398a8?
-11398a9
In base 12, what is -1 - aa1607?
-aa1608
In base 12, what is -ba3829 - 15?
-ba3842
In base 3, what is 2000 - -1101210212212?
1101210221212
In base 12, what is -3731 - -11b74b?
11801a
In base 9, what is 10453567 - -34?
10453612
In base 2, what is 101000001111001001 - -10000001?
101000010001001010
In base 14, what is d14 - 6b36?
-5c22
In base 13, what is 3c + 4146a?
414a9
In base 3, what is 2001121 + 111010121?
120012012
In base 16, what is -430d179 + -2?
-430d17b
In base 10, what is -6 - 643198?
-643204
In base 4, what is 1202031 + 1031223?
2233320
In base 9, what is -18704 + -33830?
-53634
In base 14, what is -5 + -2049644?
-2049649
In base 7, what is 21043430 + -2?
21043425
In base 13, what is 0 - 1b5502b?
-1b5502b
In base 15, what is 3 - -43a321?
43a324
In base 8, what is -42 + -3720327?
-3720371
In base 11, what is -65a7206 - -2a?
-65a7187
In base 4, what is -132312223 - 100223?
-133013112
In base 16, what is 1e + -123e77?
-123e59
In base 4, what is -2312023 + -233111?
-3211200
In base 4, what is 131313 + -11003013?
-10211100
In base 15, what is 203d + 2143?
4181
In base 2, what is 11010011111110110011 - 10001110011?
11010011101101000000
In base 11, what is 1166024 - -2?
1166026
In base 9, what is -12577652 - 0?
-12577652
In base 6, what is -554345251 + 10?
-554345241
In base 16, what is -13 + 2a8204?
2a81f1
In base 10, what is 76654518 + 3?
76654521
In base 16, what is 23 - 113f26?
-113f03
In base 4, what is -121223330 - -202?
-121223122
In base 10, what is 5 - -12026212?
12026217
In base 12, what is -95756 + -2116?
-97870
In base 16, what is 3ec6 - -388?
424e
In base 13, what is 2ba85846 - -3?
2ba85849
In base 8, what is 5547440 - -10?
5547450
In base 16, what is 940e876 - -4?
940e87a
In base 4, what is -131 + -2200223003?
-2200223200
In base 16, what is 3 - -7f96a4?
7f96a7
In base 11, what is -3 + -65123aa3?
-65123aa6
In base 7, what is 11 + -3626243?
-3626232
In base 6, what is 4405 + 345110?
353515
In base 13, what is 6b + a3800?
a386b
In base 12, what is 58979 + -5518?
53461
In base 7, what is -4255554 - 1254?
-4260141
In base 15, what is -1c2867c + -9?
-1c28686
In base 9, what is -3613 + 4172?
458
In base 13, what is 1 - -78a437?
78a438
In base 13, what is -8c1843b - 0?
-8c1843b
In base 5, what is -1144 + 130044104?
130042410
In base 12, what is 3 - -16130a89?
16130a90
In base 16, what is 14a + -1df8?
-1cae
In base 11, what is 35 + 180802?
180837
In base 8, what is 1243106 - 6603?
1234303
In base 7, what is -2123 - -515312?
513156
In base 16, what is -1907a - 818?
-19892
In base 10, what is 79 - -8403975?
8404054
In base 13, what is 3 - 47aa939?
-47aa936
In base 9, what is 10 + 141717?
141727
In base 8, what is 747 + -2366717?
-2365750
In base 7, what is -20611355 - -15?
-20611340
In base 2, what is 100101101111101010101101001010 - -101?
100101101111101010101101001111
In base 7, what is 116156 + -6633?
106223
In base 4, what is -1032023330221 - 11?
-1032023330232
In base 11, what is -2014a7 + -29?
-201525
In base 4, what is 313310200 + -2130?
313302010
In base 3, what is 1102212110002 + 12?
1102212110021
In base 5, what is -334344031 + 2?
-334344024
In base 15, what is -4a28977 - -4?
-4a28973
In base 8, what is 1216115 + 103?
1216220
In base 14, what is a505aa - -16?
a505c2
In base 7, what is 63 + 4532134?
4532230
In base 2, what is -100110000011101101101 + 11010?
-100110000011101010011
In base 2, what is 1010001111111001 + 1111001101101?
1100001001100110
In base 7, what is 4021551 - 2?
4021546
In base 13, what is -3 - -369a55b?
369a558
In base 11, what is -562 + 21069?
20607
In base 9, what is -2 + 127557373?
127557371
In base 3, what is 11011001 + 100000200011?
100011211012
In base 7, what is -116 + 44614?
44465
In base 10, what is 4476 + -42961?
-38485
In base 11, what is 17 + -1392416?
-13923aa
In base 9, what is -10571 - 1662?
-12343
In base 14, what is 19 - 25a56?
-25a3b
In base 5, what is 13434320 - 1320?
13433000
In base 3, what is -2101212021 - -1012011?
-2100200010
In base 16, what is 277293b0 - -5?
277293b5
In base 16, what is c0bd - 2a2?
be1b
In base 10, what is 3665774 + -23?
3665751
In base 8, what is 145516 + -1351?
144145
In base 13, what is 1577096 - -17?
15770b0
In base 13, what is 11c + 7832?
7951
In base 4, what is -1003333222213 + -20?
-1003333222233
In base 12, what is 2257 + 64a35?
67090
In base 6, what is -2420000134 - -22?
-2420000112
In base 16, what is 1 + -b55e9?
-b55e8
In base 15, what is -26aa9 - 4?
-26aad
In base 8, what is 653 - -237346?
240221
In base 7, what is -13135 - -255520?
242352
In base 14, what is 7351d2 - -11?
735203
In base 14, what is -79153312 - 2?
-79153314
In base 3, what is -2222120 - -22122202?
12200012
In base 3, what is -20211200 - 12201000?
-110112200
In base 9, what is -378 - -12240?
11751
In base 12, what is 64a + -702?
-74
In base 2, what is 101000001001000110111 + -111?
101000001001000110000
In base 16, what is -87d3b6 - -2?
-87d3b4
In base 8, what is -5 - 176316467?
-176316474
In base 2, what is 110011001011100100110001 + 10?
110011001011100100110011
In base 3, what is 21121022002111101 + 0?
21121022002111101
In base 16, what is 14c2 - -15d1e?
171e0
In base 16, what is 82 + -28f45?
-28ec3
In base 2, what is 1101100110111001111 - 101?
1101100110111001010
In base 14, what is 3496cb + -1d2?
3494d9
In base 6, what is 1 + -22431435053?
-22431435052
In base 3, what is 11222 + 112220111?
120002110
In base 2, what is 1101110111100010 + 10011111?
1101111010000001
In base 5, what is -1123320133 - 4?
-1123320142
In base 5, what is -13124 + 1040121?
1021442
In base 15, what is -1a + -477cb9?
-477cd4
In base 4, what is 3012230022 + -223?
3012223133
In base 10, what is 473 - 24482?
-24009
In base 6, what is 1331131 - -125?
1331300
In base 14, what is -9995 + b0c9?
1534
In base 6, what is -11321 + 33445?
22124
In base 16, what is -270d - -1960?
-dad
In base 3, what is 222022120220 - -20?
222022121010
In base 7, what is 560 + -2230055?
-2226165
In base 7, what is -13526 - 1154522?
-1201351
In base 14, what is -1cd38a - 3?
-1cd38d
In base 2, what is 101101100011001100 - 11011111?
101101011111101101
In base 5, what is 1041314 + 3?
1041322
In base 11, what is 10a601 - 14?
10a598
In base 14, what is 7d + -1a7bd?
-1a740
In base 7, what is -15104056 + 31?
-15104025
In base 2, what is -1 + 1110010110010000101100?
1110010110010000101011
In base 9, what is -12 - 445320?
-445332
In base 6, what is 152340001 + -5?
152335552
In base 10, what is 947583 + -29?
947554
In base 8, what is 32702066 - -20?
32702106
In base 10, what is -29742 + -3981?
-33723
In base 5, what is -110040 - 133032?
-243122
In base 11, what i